rt 1222103 (base 4) to base 14.
269d
100001000 (base 2) to base 10
264
Convert 250 (base 14) to base 9.
563
Convert 7712 (base 12) to base 4.
3030332
Convert -1d48 (base 16) to base 3.
-101021122
What is bab1 (base 14) in base 6?
405311
Convert 62b (base 13) to base 2.
10000011011
1520 (base 16) to base 13
2600
What is -3620 (base 9) in base 16?
-a83
What is 11101101001 (base 2) in base 16?
769
What is fa (base 16) in base 2?
11111010
Convert 33 (base 9) to base 5.
110
-1778 (base 9) to base 16
-557
Convert -5656 (base 12) to base 4.
-2111202
What is 528 (base 10) in base 13?
318
-12a9 (base 15) to base 3
-12110120
What is -2610 (base 10) in base 12?
-1616
11001202 (base 3) to base 9
4052
Convert -27867 (base 11) to base 3.
-2000101011
13301 (base 12) to base 16
66f1
-d7e (base 16) to base 12
-1bba
-9974 (base 11) to base 4
-3031131
What is -10110111011 (base 2) in base 13?
-88b
-6087 (base 9) to base 4
-1011211
Convert -30301 (base 5) to base 7.
-5455
What is -220321 (base 4) in base 3?
-10120221
Convert 24332 (base 5) to base 11.
1425
-101000001010001 (base 2) to base 11
-144a2
-10304 (base 9) to base 5
-204213
Convert 298 (base 12) to base 3.
112222
Convert -4031 (base 9) to base 12.
-1854
15076 (base 8) to base 15
1ecd
-1916 (base 14) to base 13
-20a4
-102042 (base 5) to base 2
-110101000101
Convert -6672 (base 11) to base 15.
-2911
What is 23881 (base 10) in base 2?
101110101001001
What is -2a5 (base 14) in base 3?
-201220
-19211 (base 11) to base 8
-64372
What is -151020 (base 6) in base 14?
-53c8
-3039 (base 16) to base 3
-121221020
-101111001010 (base 2) to base 15
-d63
525 (base 7) to base 3
100210
Convert -3514 (base 11) to base 16.
-1205
79b (base 16) to base 7
5451
Convert -23738 (base 9) to base 5.
-1002121
-5567 (base 9) to base 6
-31011
Convert -341 (base 6) to base 14.
-97
-1110000110100 (base 2) to base 8
-16064
What is 1a5 (base 15) in base 8?
574
Convert 103304 (base 5) to base 15.
10d9
-7251 (base 11) to base 9
-14163
Convert 2881 (base 12) to base 9.
6407
-7a1 (base 14) to base 9
-2061
What is -18dd (base 15) in base 10?
-5383
200100000 (base 3) to base 4
3100311
What is 1041020 (base 5) in base 13?
8408
Convert 4000 (base 9) to base 7.
11334
-379 (base 13) to base 2
-1001011111
Convert -9da (base 14) to base 6.
-13020
10011100 (base 2) to base 3
12210
3c0 (base 16) to base 12
680
-147 (base 16) to base 14
-195
Convert 234241 (base 6) to base 5.
1123101
Convert -240043 (base 6) to base 2.
-101000100011011
What is 1011100001001 (base 2) in base 5?
142042
17949 (base 10) to base 7
103221
-b6 (base 12) to base 10
-138
What is -c6b (base 15) in base 9?
-3752
Convert 202 (base 11) to base 10.
244
4541 (base 7) to base 13
998
Convert 464 (base 9) to base 4.
11332
-11101200 (base 3) to base 7
-12225
What is 1122320 (base 4) in base 3?
21222102
What is -13302 (base 5) in base 16?
-435
What is -103022 (base 4) in base 12?
-862
14a (base 14) to base 4
10012
Convert 1010010 (base 2) to base 9.
101
Convert -329 (base 14) to base 12.
-441
-2840 (base 9) to base 7
-6150
Convert -303 (base 13) to base 7.
-1326
Convert 252 (base 13) to base 15.
1c0
-51859 (base 10) to base 14
-14c83
Convert cb6 (base 13) to base 12.
1315
9aba (base 12) to base 15
5124
410 (base 5) to base 16
69
What is 19078 (base 10) in base 5?
1102303
What is 245 (base 11) in base 13?
195
What is -3306 (base 8) in base 4?
-123012
10 (base 9) to base 10
9
-4660 (base 9) to base 10
-3456
-16513 (base 8) to base 16
-1d4b
What is -4ecf (base 16) in base 15?
-5ea0
-1110011100101000 (base 2) to base 4
-32130220
What is 6d3 (base 15) in base 13?
921
What is 11001001000 (base 2) in base 7?
4455
What is dcba (base 14) in base 3?
1221101101
Convert c70e (base 15) to base 12.
20435
What is 423 (base 10) in base 16?
1a7
15c9 (base 13) to base 6
22503
-1011011001111 (base 2) to base 12
-3467
-f (base 16) to base 7
-21
Convert 1001010100000 (base 2) to base 16.
12a0
-32411 (base 8) to base 11
-a223
Convert -a31 (base 11) to base 14.
-64c
What is 1789 (base 13) in base 8?
6645
What is -15166 (base 9) in base 3?
-112012020
Convert -101 (base 11) to base 8.
-172
What is -100220202 (base 3) in base 12?
-4225
What is -4683 (base 9) in base 4?
-312111
Convert 1010110000 (base 2) to base 16.
2b0
-38851 (base 11) to base 2
-1101100100101011
What is -25023 (base 6) in base 9?
-5046
-200002202 (base 3) to base 7
-53321
-531a (base 11) to base 5
-211124
18272 (base 12) to base 4
20201312
What is -52287 (base 9) in base 6?
-423424
What is -10011011000001 (base 2) in base 14?
-3889
What is 165a (base 15) in base 14?
1a78
Convert 2220303 (base 4) to base 5.
321203
Convert -10111000 (base 2) to base 11.
-158
-536 (base 7) to base 11
-228
-145a (base 11) to base 15
-855
Convert -11110011010 (base 2) to base 8.
-3632
What is -2479 (base 14) in base 8?
-14353
-11320 (base 5) to base 9
-1127
What is 219 (base 12) in base 6?
1233
Convert -b4b (base 12) to base 7.
-4535
What is -19182 (base 10) in base 7?
-106632
What is -8c4 (base 13) in base 2?
-10111101000
Convert -2185 (base 10) to base 12.
-1321
-1100011011 (base 2) to base 15
-380
What is -199 (base 10) in base 15?
-d4
Convert 1001111110110100 (base 2) to base 7.
230124
Convert -161644 (base 7) to base 11.
-21a54
Convert 120120201 (base 3) to base 11.
8597
Convert 1010000001 (base 2) to base 3.
212202
Convert 20122 (base 3) to base 10.
179
What is -21c0 (base 16) in base 6?
-104000
Convert -2120222101 (base 3) to base 13.
-1a2b1
What is -10011110011 (base 2) in base 4?
-103303
Convert -1732 (base 14) to base 6.
-31132
What is 100 (base 6) in base 4?
210
Convert -634 (base 11) to base 8.
-1373
Convert 1122121 (base 3) to base 9.
1577
What is -1230 (base 8) in base 11?
-554
-606 (base 7) to base 9
-363
Convert 100100001110110 (base 2) to base 8.
44166
2099 (base 11) to base 3
10210121
What is -182 (base 11) in base 3?
-21211
What is 32928 (base 10) in base 13?
11cac
What is -12954 (base 11) in base 6?
-221231
What is 140523 (base 6) in base 12?
7743
What is 308 (base 10) in base 8?
464
What is 463 (base 9) in base 15?
1a6
What is 2421 (base 6) in base 5?
4324
What is 1110112 (base 3) in base 11?
890
3042 (base 6) to base 15
2ee
Convert -1a252 (base 11) to base 3.
-1102202022
Convert -2e (base 16) to base 6.
-114
Convert -33705 (base 10) to base 16.
-83a9
What is 544 (base 7) in base 8?
425
What is 895 (base 16) in base 3?
10000101
What is -3133 (base 5) in base 10?
-418
-7046 (base 9) to base 15
-17d0
Convert 22032 (base 9) to base 16.
3911
-421 (base 13) to base 6
-3131
What is -28 (base 16) in base 2?
-101000
What is -930 (base 12) in base 10?
-1332
1630 (base 13) to base 12
1a6a
Convert f (base 16) to base 12.
13
Convert -289 (base 11) to base 2.
-101010011
Convert -301142 (base 5) to base 3.
-111002121
Convert 14b77 (base 12) to base 6.
343431
Convert 10000100100 (base 2) to base 13.
637
-1a13 (base 13) to base 15
-1253
What is -2e9 (base 15) in base 4?
-22131
What is -224340 (base 7) in base 2?
-1001110000011011
bb6 (base 14) to base 6
14420
-11010111100110 (base 2) to base 8
-32746
3427 (base 14) to base 8
21533
Convert -539 (base 11) to base 5.
-10042
Convert -13024 (base 7) to base 8.
-6570
11310332 (base 4) to base 6
302302
Convert 20b77 (base 12) to base 11.
2a465
What is -103226 (base 8) in base 4?
-20122112
What is -942 (base 15) in base 11?
-1628
Convert a29 (base 11) to base 6.
5425
What is -4ab5 (base 16) in base 8?
-45265
-3a1 (base 13) to base 5
-10023
-661 (base 15) to base 9
-1871
What is -4300 (base 6) in base 8?
-1714
Convert -110110011110 (base 2) to base 7.
-13110
Convert -1c53 (base 15) to base 2.
-1100000001001
Convert 34617 (base 8) to base 4.
3212033
b00 (base 14) to base 16
86c
What is 101111101 (base 2) in base 8?
575
Convert -202240 (base 6) to base 14.
-5c08
What is 35210 (base 10) in base 5?
2111320
What is -2564 (base 7) in base 2?
-1111010001
What is -540223 (base 6) in base 7?
-242502
What is -16c8 (base 16) in base 9?
-8000
What is 111343 (base 8) in base 12?
19917
Convert fa2 (base 16) to base 6.
30310
What is -17025 (base 11) in base 10?
-23985
What is 1a56 (base 11) in base 7?
10405
Convert -772 (base 10) to base 11.
-642
Convert 10030 (base 6) to base 11.
a95
Convert -17d (base 16) to base 7.
-1053
-32414 